ate the remainder when 234 is divided by 59.
57
What is the remainder when 18247 is divided by 7?
5
Calculate the remainder when 5844 is divided by 86.
82
Calculate the remainder when 1349 is divided by 124.
109
What is the remainder when 3219 is divided by 231?
216
Calculate the remainder when 27 is divided by 25.
2
Calculate the remainder when 766 is divided by 32.
30
Calculate the remainder when 2204 is divided by 5.
4
Calculate the remainder when 99 is divided by 38.
23
Calculate the remainder when 10168 is divided by 104.
80
Calculate the remainder when 282 is divided by 281.
1
What is the remainder when 76 is divided by 5?
1
Calculate the remainder when 554 is divided by 101.
49
Calculate the remainder when 2573 is divided by 286.
285
What is the remainder when 187 is divided by 95?
92
Calculate the remainder when 959 is divided by 43.
13
What is the remainder when 82 is divided by 9?
1
Calculate the remainder when 257 is divided by 85.
2
What is the remainder when 429 is divided by 36?
33
What is the remainder when 65 is divided by 44?
21
What is the remainder when 196 is divided by 18?
16
Calculate the remainder when 413 is divided by 97.
25
What is the remainder when 5053 is divided by 35?
13
Calculate the remainder when 31 is divided by 26.
5
What is the remainder when 719 is divided by 38?
35
What is the remainder when 681 is divided by 19?
16
What is the remainder when 13 is divided by 1?
0
What is the remainder when 133 is divided by 14?
7
Calculate the remainder when 428 is divided by 43.
41
Calculate the remainder when 10118 is divided by 7.
3
Calculate the remainder when 1558 is divided by 78.
76
What is the remainder when 7 is divided by 4?
3
Calculate the remainder when 140 is divided by 77.
63
What is the remainder when 1092 is divided by 362?
6
Calculate the remainder when 2741 is divided by 1366.
9
What is the remainder when 49 is divided by 17?
15
Calculate the remainder when 8063 is divided by 192.
191
What is the remainder when 81 is divided by 35?
11
Calculate the remainder when 289 is divided by 4.
1
Calculate the remainder when 1160 is divided by 232.
0
What is the remainder when 935 is divided by 253?
176
Calculate the remainder when 1846 is divided by 368.
6
What is the remainder when 230 is divided by 17?
9
Calculate the remainder when 192 is divided by 60.
12
What is the remainder when 415 is divided by 83?
0
What is the remainder when 842 is divided by 66?
50
What is the remainder when 79 is divided by 2?
1
Calculate the remainder when 1218 is divided by 81.
3
What is the remainder when 102 is divided by 28?
18
What is the remainder when 327 is divided by 166?
161
Calculate the remainder when 1436 is divided by 38.
30
Calculate the remainder when 590 is divided by 294.
2
What is the remainder when 602 is divided by 76?
70
What is the remainder when 209 is divided by 91?
27
What is the remainder when 806 is divided by 119?
92
What is the remainder when 41 is divided by 16?
9
Calculate the remainder when 5696 is divided by 74.
72
Calculate the remainder when 242 is divided by 100.
42
Calculate the remainder when 199 is divided by 14.
3
What is the remainder when 168 is divided by 66?
36
What is the remainder when 68 is divided by 24?
20
What is the remainder when 4818 is divided by 27?
12
What is the remainder when 1594 is divided by 12?
10
What is the remainder when 530 is divided by 19?
17
What is the remainder when 660 is divided by 19?
14
What is the remainder when 99 is divided by 17?
14
What is the remainder when 45 is divided by 30?
15
Calculate the remainder when 124 is divided by 24.
4
What is the remainder when 177 is divided by 55?
12
Calculate the remainder when 607 is divided by 159.
130
What is the remainder when 195 is divided by 53?
36
Calculate the remainder when 156 is divided by 82.
74
Calculate the remainder when 1582 is divided by 1578.
4
What is the remainder when 1493 is divided by 55?
8
What is the remainder when 268 is divided by 98?
72
Calculate the remainder when 1565 is divided by 14.
11
What is the remainder when 461 is divided by 15?
11
Calculate the remainder when 1921 is divided by 382.
11
Calculate the remainder when 47 is divided by 24.
23
Calculate the remainder when 4639 is divided by 80.
79
What is the remainder when 482 is divided by 55?
42
What is the remainder when 20 is divided by 7?
6
What is the remainder when 329 is divided by 55?
54
Calculate the remainder when 101 is divided by 63.
38
What is the remainder when 344 is divided by 69?
68
What is the remainder when 574 is divided by 146?
136
What is the remainder when 9 is divided by 2?
1
What is the remainder when 296 is divided by 263?
33
What is the remainder when 942 is divided by 59?
57
Calculate the remainder when 1917 is divided by 62.
57
What is the remainder when 47 is divided by 41?
6
What is the remainder when 42 is divided by 31?
11
Calculate the remainder when 95 is divided by 11.
7
What is the remainder when 1797 is divided by 897?
3
Calculate the remainder when 263 is divided by 40.
23
What is the remainder when 319 is divided by 75?
19
What is the remainder when 109 is divided by 23?
17
What is the remainder when 709 is divided by 85?
29
What is the remainder when 35 is divided by 7?
0
What is the remainder when 364 is divided by 23?
19
What is the remainder when 1474 is divided by 211?
208
What is the remainder when 475 is divided by 96?
91
Calculate the remainder when 258 is divided by 67.
57
Calculate the remainder when 25828 is divided by 18.
16
What is the remainder when 489 is divided by 41?
38
Calculate the remainder when 1408 is divided by 17.
14
Calculate the remainder when 153 is divided by 14.
13
Calculate the remainder when 1115 is divided by 12.
11
What is the remainder when 804 is divided by 35?
34
What is the remainder when 26 is divided by 9?
8
Calculate the remainder when 2476 is divided by 411.
10
Calculate the remainder when 1304 is divided by 49.
30
What is the remainder when 2231 is divided by 36?
35
Calculate the remainder when 44 is divided by 13.
5
What is the remainder when 146 is divided by 58?
30
Calculate the remainder when 398 is divided by 6.
2
Calculate the remainder when 48 is divided by 14.
6
What is the remainder when 345 is divided by 120?
105
Calculate the remainder when 10001 is divided by 36.
29
Calculate the remainder when 180 is divided by 26.
24
Calculate the remainder when 196 is divided by 53.
37
Calculate the remainder when 819 is divided by 118.
111
What is the remainder when 953 is divided by 327?
299
What is the remainder when 83 is divided by 20?
3
Calculate the remainder when 39 is divided by 24.
15
What is the remainder when 105 is divided by 13?
1
Calculate the remainder when 591 is divided by 85.
81
What is the remainder when 43 is divided by 24?
19
What is the remainder when 4352 is divided by 2170?
12
Calculate the remainder when 84 is divided by 11.
7
Calculate the remainder when 3122 is divided by 209.
196
What is the remainder when 188 is divided by 63?
62
Calculate the remainder when 465 is divided by 113.
13
What is the remainder when 1814 is divided by 91?
85
What is the remainder when 1319 is divided by 277?
211
Calculate the remainder when 84 is divided by 24.
12
Calculate the remainder when 344 is divided by 70.
64
What is the remainder when 46 is divided by 21?
4
Calculate the remainder when 69 is divided by 6.
3
Calculate the remainder when 716 is divided by 29.
20
Calculate the remainder when 6566 is divided by 90.
86
What is the remainder when 915 is divided by 223?
23
What is the remainder when 223 is divided by 49?
27
Calculate the remainder when 4904 is divided by 15.
14
What is the remainder when 51 is divided by 47?
4
Calculate the remainder when 377 is divided by 20.
17
Calculate the remainder when 146 is divided by 38.
32
What is the remainder when 1281 is divided by 43?
34
Calculate the remainder when 6725 is divided by 38.
37
What is the remainder when 103 is divided by 19?
8
What is the remainder when 150 is divided by 26?
20
Calculate the remainder when 417 is divided by 196.
25
Calculate the remainder when 401 is divided by 67.
66
Calculate the remainder when 405 is divided by 58.
57
What is the remainder when 3252 is divid